{"id":11608,"date":"2019-08-27T08:50:32","date_gmt":"2019-08-27T06:50:32","guid":{"rendered":"https:\/\/www.blackandyum.de\/shop\/produkt\/kaffeebar-no-1-blend\/"},"modified":"2026-04-02T12:15:03","modified_gmt":"2026-04-02T10:15:03","slug":"kaffeebar-no-1-blend","status":"publish","type":"product","link":"\/shop\/produkt\/kaffeebar-no-1-blend\/","title":{"rendered":"KaffeeBar No.1 (Blend)"},"content":{"rendered":"<p><strong>KaffeeBar No.1<\/strong> &#8211; unsere Hausmischung aus vier wunderbaren Arabica Kaffees entlang des \u00c4quators (\u00c4thiopien, Brasilien, Guatemala und Indonesien). Dieser Kaffee von h\u00f6chster Qualit\u00e4t ist mittelkr\u00e4ftig und dennoch beeindruckend vollmundig. Das klassische Kaffeearoma wird eingerahmt von dezent fruchtig-floralen Noten.<\/p>\n<p><strong>Herkunft der handgepfl\u00fcckten Rohkaffees:<\/strong><br \/>\n<strong>Brasilien<\/strong>, Region Mogiana, Anbauh\u00f6he 900 &#8211; 2.000 M.A.S.L<br \/>\n<strong>Guatemala<\/strong>, Region Antigua (Sacatepeguez), Anbauh\u00f6he 1.400 &#8211; 1.800 M.A.S.L<br \/>\n<strong>Indonesien<\/strong>, Region Lintong Nihuta auf Sumatra, Anbauh\u00f6he 1.400 &#8211; 1.700 M.A.S.L<br \/>\n<strong>\u00c4thiopien<\/strong>, Region Sidamo, Anbauh\u00f6he 1.600 &#8211; 1.900 M.A.S.L<\/p>\n","protected":false},"excerpt":{"rendered":"<p><strong>KaffeeBar No.1<\/strong> &#8211; unsere Hausmischung aus vier wunderbaren Arabica Kaffees entlang des \u00c4quators (\u00c4thiopien, Brasilien, Guatemala und Indonesien). Dieser Kaffee von h\u00f6chster Qualit\u00e4t ist mittelkr\u00e4ftig und dennoch beeindruckend vollmundig. Das klassische Kaffeearoma wird eingerahmt von dezent fruchtig-floralen Noten.<\/p>\n","protected":false},"featured_media":6430,"template":"","meta":{"_acf_changed":false},"product_brand":[],"product_cat":[372],"product_tag":[],"class_list":{"0":"post-11608","1":"product","2":"type-product","3":"status-publish","4":"has-post-thumbnail","6":"product_cat-black-and-yum-kaffee-auswahl","7":"product_shipping_class-roestkaffees","8":"pa_gewicht-1-000g","9":"pa_gewicht-250g","10":"pa_gewicht-500g","11":"pa_mahlgrad-chemex-karaffe","12":"pa_mahlgrad-filterkaffeemaschine","13":"pa_mahlgrad-french-press-bodum-kanne","14":"pa_mahlgrad-ganze-bohne","15":"pa_mahlgrad-handfilteraufguss","16":"pa_mahlgrad-karlsbader-kanne","17":"pa_mahlgrad-soft-brew-kanne","19":"first","20":"instock","21":"taxable","22":"shipping-taxable","23":"purchasable","24":"product-type-variable"},"acf":[],"_links":{"self":[{"href":"\/shop\/wp-json\/wp\/v2\/product\/11608","targetHints":{"allow":["GET"]}}],"collection":[{"href":"\/shop\/wp-json\/wp\/v2\/product"}],"about":[{"href":"\/shop\/wp-json\/wp\/v2\/types\/product"}],"wp:featuredmedia":[{"embeddable":true,"href":"\/shop\/wp-json\/wp\/v2\/media\/6430"}],"wp:attachment":[{"href":"\/shop\/wp-json\/wp\/v2\/media?parent=11608"}],"wp:term":[{"taxonomy":"product_brand","embeddable":true,"href":"\/shop\/wp-json\/wp\/v2\/product_brand?post=11608"},{"taxonomy":"product_cat","embeddable":true,"href":"\/shop\/wp-json\/wp\/v2\/product_cat?post=11608"},{"taxonomy":"product_tag","embeddable":true,"href":"\/shop\/wp-json\/wp\/v2\/product_tag?post=11608"}],"curies":[{"name":"wp","href":"https:\/\/api.w.org\/{rel}","templated":true}]}}