{"id":11615,"date":"2019-08-27T08:57:55","date_gmt":"2019-08-27T06:57:55","guid":{"rendered":"https:\/\/www.blackandyum.de\/shop\/produkt\/brasilien-selecao\/"},"modified":"2026-04-02T12:11:09","modified_gmt":"2026-04-02T10:11:09","slug":"brasilien-selecao","status":"publish","type":"product","link":"\/shop\/produkt\/brasilien-selecao\/","title":{"rendered":"Brasilien Sele\u00e7\u00e3o"},"content":{"rendered":"<p><strong>Brasilien <span class=\"st\">Sele\u00e7\u00e3o<\/span> (Brasilien):<br \/>\n<\/strong>Dieser transparent importierte Kaffee ist eher leicht und dennoch sehr aromatisch. Das wundervolle, harmonische Aromenspiel erinnert u.a. an Vollmilch-Schokolade, ger\u00f6stete Haselnuss und ein wenig S\u00fc\u00dfkirsche im Nachklang.<br \/>\n<strong>Ursprung:<\/strong> Brasilien, Region Cerrado und\u00a0 Alta Mogiana<br \/>\n<strong>Produzentin:<\/strong> ED&amp;F Man Volcafe Brasil Ltda<br \/>\n<strong>Anbauh\u00f6he:<\/strong> 1.100 \u2013 1.400 M.\u00fc.NN<br \/>\n<strong>Variet\u00e4ten:<\/strong> Mundo Novo, Catuai<br \/>\n<strong>Bearbeitung:<\/strong> Handgepfl\u00fcckt; Natural<br \/>\n<strong>Import:<\/strong> Transparent \u00fcber Spezialit\u00e4tenkaffee-Importeur<\/p>\n","protected":false},"excerpt":{"rendered":"<p><strong>Brasilien <span class=\"st\">Sele\u00e7\u00e3o<\/span>:<\/strong><br \/>\nDieser transparent importierte Kaffee ist eher leicht und dennoch sehr aromatisch. Das wundervolle, harmonische Aromenspiel erinnert u.a. an Vollmilch-Schokolade, ger\u00f6stete Haselnuss und ein wenig S\u00fc\u00dfkirsche im Nachklang.<\/p>\n","protected":false},"featured_media":6531,"template":"","meta":{"_acf_changed":false},"product_brand":[],"product_cat":[372],"product_tag":[],"class_list":{"0":"post-11615","1":"product","2":"type-product","3":"status-publish","4":"has-post-thumbnail","6":"product_cat-black-and-yum-kaffee-auswahl","7":"product_shipping_class-roestkaffees","8":"pa_gewicht-1-000g","9":"pa_gewicht-250g","10":"pa_gewicht-500g","11":"pa_mahlgrad-aeropress","12":"pa_mahlgrad-chemex-karaffe","13":"pa_mahlgrad-filterkaffeemaschine","14":"pa_mahlgrad-french-press-bodum-kanne","15":"pa_mahlgrad-ganze-bohne","16":"pa_mahlgrad-handfilteraufguss","17":"pa_mahlgrad-karlsbader-kanne","18":"pa_mahlgrad-soft-brew-kanne","20":"first","21":"instock","22":"taxable","23":"shipping-taxable","24":"purchasable","25":"product-type-variable"},"acf":[],"_links":{"self":[{"href":"\/shop\/wp-json\/wp\/v2\/product\/11615","targetHints":{"allow":["GET"]}}],"collection":[{"href":"\/shop\/wp-json\/wp\/v2\/product"}],"about":[{"href":"\/shop\/wp-json\/wp\/v2\/types\/product"}],"wp:featuredmedia":[{"embeddable":true,"href":"\/shop\/wp-json\/wp\/v2\/media\/6531"}],"wp:attachment":[{"href":"\/shop\/wp-json\/wp\/v2\/media?parent=11615"}],"wp:term":[{"taxonomy":"product_brand","embeddable":true,"href":"\/shop\/wp-json\/wp\/v2\/product_brand?post=11615"},{"taxonomy":"product_cat","embeddable":true,"href":"\/shop\/wp-json\/wp\/v2\/product_cat?post=11615"},{"taxonomy":"product_tag","embeddable":true,"href":"\/shop\/wp-json\/wp\/v2\/product_tag?post=11615"}],"curies":[{"name":"wp","href":"https:\/\/api.w.org\/{rel}","templated":true}]}}

Brasilien Seleção

<p><strong>Brasilien <span class="st">Seleção</span> (Brasilien):<br />
</strong>Dieser transparent importierte Kaffee ist eher leicht und dennoch sehr aromatisch. Das wundervolle, harmonische Aromenspiel erinnert u.a. an Vollmilch-Schokolade, geröstete Haselnuss und ein wenig Süßkirsche im Nachklang.<br />
<strong>Ursprung:</strong> Brasilien, Region Cerrado und  Alta Mogiana<br />
<strong>Produzentin:</strong> ED&amp;F Man Volcafe Brasil Ltda<br />
<strong>Anbauhöhe:</strong> 1.100 – 1.400 M.ü.NN<br />
<strong>Varietäten:</strong> Mundo Novo, Catuai<br />
<strong>Bearbeitung:</strong> Handgepflückt; Natural<br />
<strong>Import:</strong> Transparent über Spezialitätenkaffee-Importeur</p>

<p><strong>Brasilien <span class="st">Seleção</span>:</strong><br />
Dieser transparent importierte Kaffee ist eher leicht und dennoch sehr aromatisch. Das wundervolle, harmonische Aromenspiel erinnert u.a. an Vollmilch-Schokolade, geröstete Haselnuss und ein wenig Süßkirsche im Nachklang.</p>
