{"id":11776,"date":"2019-08-27T11:32:30","date_gmt":"2019-08-27T09:32:30","guid":{"rendered":"https:\/\/www.blackandyum.de\/shop\/produkt\/black-diva\/"},"modified":"2026-04-28T10:11:09","modified_gmt":"2026-04-28T08:11:09","slug":"espresso_black-diva","status":"publish","type":"product","link":"\/shop\/produkt\/espresso_black-diva\/","title":{"rendered":"Black Diva (JUWEL-Edition) &#8211; ein besonderes Genusserlebnis!"},"content":{"rendered":"<p><strong>Espresso \u201eBlack Diva\u201c:<\/strong> Dieser Ausnahme-Espresso entspringt einer handgepfl\u00fcckten Kaffee-Rarit\u00e4t aus Sumatra, nahe dem Toba See. Eine Gemeinschaft vieler Kleinbauern und ihren Familien, kultiviert und erntet dieses Aromawunder mit gro\u00dfer Sorgfalt und Leidenschaft. Die Anbauh\u00f6he liegt bei 1.500 Metern.<\/p>\n<p>Die Extravaganz dieses reinen Arabica mit seiner Urgewalt und dennoch Sanftheit ist kaum in Worte zu fassen. Wie ein viele Jahre im edlen Holzfass gelagerter Cognac schmeichelt er dem Gaumen mit Facettenreichtum und enormer Tiefe. Das komplexe Aromaspektakel beinhaltet T\u00f6ne aus den Aromenwelten Frucht, Floral, Kr\u00e4uter, Holz und Gew\u00fcrze. Es m\u00fcndet in einem Gem\u00e4lde von S\u00fc\u00dfholz und mildem, s\u00fc\u00dflichem Tabakaroma, wie man es vom Pfeifentabak kennt.<\/p>\n<p><em><strong>G\u00f6nnen Sie Ihrem Gaumen mal einen leidenschaftlichen, sinnlichen Tango zu tanzen!<\/strong><\/em><\/p>\n<p><strong>Auszeichnungen:<br \/>\nDRG GOLD-Medaillen Gewinner (Score 90,75)<br \/>\n<\/strong><\/p>\n<p><strong>Ursprung:<\/strong> Sumatra, Region Lintongnihuta (Toba See)<br \/>\n<strong>Anbauh\u00f6he:<\/strong> 1.400 &#8211; 1.550 M.\u00fc.NN<br \/>\n<strong>Variet\u00e4t:<\/strong> Sigararutang, Onang Ganjang, Katimor<br \/>\n<strong>Produzent:<\/strong> Gemeinschaft aus Kleinbauern der Region<br \/>\n<strong>Bearbeitung:<\/strong> Handgepfl\u00fcckt; Triple picked, Giling Basah<br \/>\n<strong>Import:<\/strong> Nachhaltig \u00fcber Spezialit\u00e4tenkaffee-Importeur<\/p>\n","protected":false},"excerpt":{"rendered":"<p><strong>Espresso \u201eBlack Diva\u201c:<\/strong> Dieser Ausnahme-Espresso entspringt einer handgepfl\u00fcckten Kaffee-Rarit\u00e4t aus Sumatra, nahe dem Toba See. Eine Gemeinschaft vieler Kleinbauern und ihren Familien, kultiviert und erntet dieses Aromawunder mit gro\u00dfer Sorgfalt und Leidenschaft. Die Anbauh\u00f6he liegt bei 1.500 Metern.<\/p>\n<p>Die Extravaganz dieses reinen Arabica mit seiner Urgewalt und dennoch Sanftheit ist kaum in Worte zu fassen. Wie ein viele Jahre im edlen Holzfass gelagerter Cognac schmeichelt er dem Gaumen mit Facettenreichtum und enormer Tiefe. Das komplexe Aromaspektakel beinhaltet T\u00f6ne aus den Aromenwelten Frucht, Floral, Kr\u00e4uter, Holz und Gew\u00fcrze. Es m\u00fcndet in einem Gem\u00e4lde von S\u00fc\u00dfholz und mildem, s\u00fc\u00dflichem Tabakaroma, wie man es vom Pfeifentabak kennt.<\/p>\n<p><em><strong>G\u00f6nnen Sie Ihrem Gaumen mal einen leidenschaftlichen, sinnlichen Tango zu tanzen!<\/strong><\/em><\/p>\n","protected":false},"featured_media":12072,"template":"","meta":{"_acf_changed":false},"product_brand":[],"product_cat":[374,376,375],"product_tag":[322,323,324],"class_list":{"0":"post-11776","1":"product","2":"type-product","3":"status-publish","4":"has-post-thumbnail","6":"product_cat-black-and-yum-cafe-creme-auswahl","7":"product_cat-black-and-yum-espresso-auswahl","8":"product_cat-fuer-den-vollautomat","9":"product_tag-cafe-creme","10":"product_tag-schuemli-kaffee","11":"product_tag-vollautomat","12":"product_shipping_class-roestkaffees","13":"pa_gewicht-1-000g","14":"pa_gewicht-250g","15":"pa_gewicht-500g","16":"pa_mahlgrad-french-press-bodum-kanne","17":"pa_mahlgrad-ganze-bohne","18":"pa_mahlgrad-herdkocher-schraubkanne","19":"pa_mahlgrad-siebtraeger-fuer-einfache-guenstige-maschine","20":"pa_mahlgrad-siebtraeger-fuer-maschine-ab-600e","22":"first","23":"instock","24":"taxable","25":"shipping-taxable","26":"purchasable","27":"product-type-variable"},"acf":[],"_links":{"self":[{"href":"\/shop\/wp-json\/wp\/v2\/product\/11776","targetHints":{"allow":["GET"]}}],"collection":[{"href":"\/shop\/wp-json\/wp\/v2\/product"}],"about":[{"href":"\/shop\/wp-json\/wp\/v2\/types\/product"}],"wp:featuredmedia":[{"embeddable":true,"href":"\/shop\/wp-json\/wp\/v2\/media\/12072"}],"wp:attachment":[{"href":"\/shop\/wp-json\/wp\/v2\/media?parent=11776"}],"wp:term":[{"taxonomy":"product_brand","embeddable":true,"href":"\/shop\/wp-json\/wp\/v2\/product_brand?post=11776"},{"taxonomy":"product_cat","embeddable":true,"href":"\/shop\/wp-json\/wp\/v2\/product_cat?post=11776"},{"taxonomy":"product_tag","embeddable":true,"href":"\/shop\/wp-json\/wp\/v2\/product_tag?post=11776"}],"curies":[{"name":"wp","href":"https:\/\/api.w.org\/{rel}","templated":true}]}}