{"id":11839,"date":"2020-03-31T14:27:06","date_gmt":"2020-03-31T12:27:06","guid":{"rendered":"https:\/\/www.blackandyum.de\/shop\/produkt\/kaffeepad\/"},"modified":"2026-04-02T12:23:39","modified_gmt":"2026-04-02T10:23:39","slug":"kaffeepad","status":"publish","type":"product","link":"\/shop\/produkt\/kaffeepad\/","title":{"rendered":"Kaffee Pads (18 St\u00fcck)"},"content":{"rendered":"<p><strong>18 \u201eCaf\u00e9 Cr\u00e8me\u201c-Pads:<\/strong> Speziell f\u00fcr Senseo- bzw. Senseo-kompatiblen Pad-Maschinen entwickelter Blend aus 100 % hochwertigen Arabica-Bohnen. Die Rohbohnen stammen aus \u00c4thiopien, Brasilien, Guatemala und Indonesien. In der Tasse pr\u00e4sentiert sich der Kaffee sehr aromatisch und vollmundig. Sein f\u00fcr einen Pad-Kaffee komplex sch\u00f6nes Aromenspiel ist beeindruckend. Ein wahrhaft k\u00f6stlicher Pad-Kaffee, den man aufgrund seiner geschmacklichen Qualit\u00e4t sicherlich gerne auch ohne Milch und Zucker genie\u00dft.<\/p>\n","protected":false},"excerpt":{"rendered":"<p><strong>18 \u201eCaf\u00e9 Cr\u00e8me\u201c-Pads:<\/strong> Speziell f\u00fcr Senseo- bzw. Senseo-kompatiblen Pad-Maschinen entwickelter Blend aus 100 % hochwertigen Arabica-Bohnen. Die Rohbohnen stammen aus \u00c4thiopien, Brasilien, Guatemala und Indonesien. In der Tasse pr\u00e4sentiert sich der Kaffee sehr aromatisch und vollmundig. Sein f\u00fcr einen Pad-Kaffee komplex sch\u00f6nes Aromenspiel ist beeindruckend. Ein wahrhaft k\u00f6stlicher Pad-Kaffee, den man aufgrund seiner geschmacklichen Qualit\u00e4t sicherlich gerne auch ohne Milch und Zucker genie\u00dft.<\/p>\n","protected":false},"featured_media":12015,"template":"","meta":{"_acf_changed":false},"product_brand":[],"product_cat":[379],"product_tag":[322,340,341,342],"class_list":{"0":"post-11839","1":"product","2":"type-product","3":"status-publish","4":"has-post-thumbnail","6":"product_cat-kaffeepads","7":"product_tag-cafe-creme","8":"product_tag-kaffeepads","9":"product_tag-pads","10":"product_tag-senseo","11":"product_shipping_class-roestkaffees","13":"first","14":"instock","15":"taxable","16":"shipping-taxable","17":"purchasable","18":"product-type-simple"},"acf":[],"_links":{"self":[{"href":"\/shop\/wp-json\/wp\/v2\/product\/11839","targetHints":{"allow":["GET"]}}],"collection":[{"href":"\/shop\/wp-json\/wp\/v2\/product"}],"about":[{"href":"\/shop\/wp-json\/wp\/v2\/types\/product"}],"wp:featuredmedia":[{"embeddable":true,"href":"\/shop\/wp-json\/wp\/v2\/media\/12015"}],"wp:attachment":[{"href":"\/shop\/wp-json\/wp\/v2\/media?parent=11839"}],"wp:term":[{"taxonomy":"product_brand","embeddable":true,"href":"\/shop\/wp-json\/wp\/v2\/product_brand?post=11839"},{"taxonomy":"product_cat","embeddable":true,"href":"\/shop\/wp-json\/wp\/v2\/product_cat?post=11839"},{"taxonomy":"product_tag","embeddable":true,"href":"\/shop\/wp-json\/wp\/v2\/product_tag?post=11839"}],"curies":[{"name":"wp","href":"https:\/\/api.w.org\/{rel}","templated":true}]}}