{"id":11840,"date":"2020-04-08T16:34:05","date_gmt":"2020-04-08T14:34:05","guid":{"rendered":"https:\/\/www.blackandyum.de\/shop\/produkt\/black-yum-kaffee-likoer-350ml\/"},"modified":"2026-04-02T12:23:03","modified_gmt":"2026-04-02T10:23:03","slug":"black-yum-kaffee-likoer-350ml","status":"publish","type":"product","link":"\/shop\/produkt\/black-yum-kaffee-likoer-350ml\/","title":{"rendered":"BLACK &amp; YUM KAFFEE-LIK\u00d6R (350ml *20%)"},"content":{"rendered":"<p>Premium Lik\u00f6r mit BLACK &amp; YUM-R\u00f6stkaffee hergestellt.<br \/>\nDer Duft von edlem R\u00f6stkaffee, Marzipan und Karamell umschmeichelt die Geruchsrezeptoren der Nase.<br \/>\nDas Versprechen erf\u00fcllt sich, sobald der erste Tropfen \u00fcber die Zunge l\u00e4uft. Der gesamte Mundraum f\u00fcllt sich mit einer bet\u00f6renden Harmonie aus dem, was die Nase angek\u00fcndigt hat.<br \/>\nDie wohldosierte und perfekt eingebundene S\u00fc\u00dfe macht den Kaffee Lik\u00f6r aus rein manueller Herstellung zum unwiderstehlichen Genusserlebnis.<\/p>\n<p>Der R\u00f6stkaffee ist ein Arabica-Blend aus sortenrein ger\u00f6steten Spezialit\u00e4tenkaffees.<br \/>\nHauptbestandteil ist ein gewaschener Antigua aus Guatemala.<br \/>\nDazu gesellen sich eine feiner Brasil Natural sowie ein wet-hulled Sumatra.<\/p>\n<p>Als Grundstoff f\u00fcr den verwendeten Alkohol, den <strong>BIO-Weingeist,<\/strong> wird<strong> BIO-Weizen<\/strong> aus kontrolliert biologischem Anbau (KBA) verwendet.<br \/>\nDer verwendete Invertzucker wurde ausschlie\u00dflich aus hochwertigen, nat\u00fcrlichen Zuckertr\u00e4gern (Zuckerr\u00fcben und Zuckerrohr) hergestellt.<\/p>\n<p>Alkoholgehalt: 20%<br \/>\nZuckergehalt p. Flasche: 70g<\/p>\n","protected":false},"excerpt":{"rendered":"<p>Premium Manufaktur Lik\u00f6r mit BLACK &amp; YUM-R\u00f6stkaffee hergestellt (kalt extrahiert).<br \/>\nDer Duft von edlem R\u00f6stkaffee, Marzipan und Karamell umschmeichelt die Geruchsrezeptoren der Nase.<br \/>\nDas Versprechen erf\u00fcllt sich, sobald der erste Tropfen \u00fcber die Zunge l\u00e4uft. Der gesamte Mundraum f\u00fcllt sich mit einer bet\u00f6renden Harmonie aus dem, was die Nase angek\u00fcndigt hat.<br \/>\nDie wohldosierte und perfekt eingebundene S\u00fc\u00dfe macht den Kaffee-Lik\u00f6r aus rein manueller Herstellung zum unwiderstehlichen Genusserlebnis.<\/p>\n","protected":false},"featured_media":6812,"template":"","meta":{"_acf_changed":false},"product_brand":[],"product_cat":[380],"product_tag":[344,345,346,382],"class_list":{"0":"post-11840","1":"product","2":"type-product","3":"status-publish","4":"has-post-thumbnail","6":"product_cat-i-black-yum-kaffee-likoer","7":"product_tag-black-and-yum-kaffeelikoer","8":"product_tag-kaffeelikoer","9":"product_tag-likoer","10":"product_tag-spirtuosen","12":"first","13":"outofstock","14":"taxable","15":"shipping-taxable","16":"purchasable","17":"product-type-simple"},"acf":[],"_links":{"self":[{"href":"\/shop\/wp-json\/wp\/v2\/product\/11840","targetHints":{"allow":["GET"]}}],"collection":[{"href":"\/shop\/wp-json\/wp\/v2\/product"}],"about":[{"href":"\/shop\/wp-json\/wp\/v2\/types\/product"}],"wp:featuredmedia":[{"embeddable":true,"href":"\/shop\/wp-json\/wp\/v2\/media\/6812"}],"wp:attachment":[{"href":"\/shop\/wp-json\/wp\/v2\/media?parent=11840"}],"wp:term":[{"taxonomy":"product_brand","embeddable":true,"href":"\/shop\/wp-json\/wp\/v2\/product_brand?post=11840"},{"taxonomy":"product_cat","embeddable":true,"href":"\/shop\/wp-json\/wp\/v2\/product_cat?post=11840"},{"taxonomy":"product_tag","embeddable":true,"href":"\/shop\/wp-json\/wp\/v2\/product_tag?post=11840"}],"curies":[{"name":"wp","href":"https:\/\/api.w.org\/{rel}","templated":true}]}}